{"id":36,"date":"2017-05-12T17:02:58","date_gmt":"2017-05-12T17:02:58","guid":{"rendered":"http:\/\/vollwertferien.de\/?page_id=36"},"modified":"2017-11-12T13:18:19","modified_gmt":"2017-11-12T13:18:19","slug":"kontakt","status":"publish","type":"page","link":"https:\/\/vollwertferien.de\/?page_id=36","title":{"rendered":"Kontakt"},"content":{"rendered":"<h3 align=\"left\"><b><span style=\"font-size: xx-large;\">LANDHAUS BAUM DES LEBENS\u00a0&#8211;\u00a0\u00a0\u00a0\u00a0\u00a0\u00a0\u00a0\u00a0\u00a0\u00a0 L&#8217;arbre de vie<\/span><\/b><\/h3>\n<h3 align=\"left\">Soulan Le Tounut<\/h3>\n<h3 align=\"left\">Manfred &amp; Monika Grabowski<\/h3>\n<h3 align=\"left\">F-31230 L&#8217;isle en Dodon \/ Salerm<\/h3>\n<h3 align=\"left\">in S\u00fcdwestfrankreich, im S\u00fcdzipfel der Gascogne, vor den Pyren\u00e4en<\/h3>\n<h3 align=\"left\">Telefon:\u00a0\u00a000 33 5 61 88 36 48<\/h3>\n<h3 align=\"left\">E-Mail:\u00a0 <a href=\"mailto:grabowski@vollwertferien.de?subject=Urlaubsanfrage aus dem Internet\">grabowski@vollwertferien.de<\/a><\/h3>\n<h3 align=\"left\">Internet: <a href=\"http:\/\/www.vollwertferien.de\/\" target=\"_blank\" rel=\"noopener noreferrer\">www.vollwertferien.de<\/a><\/h3>\n<p>&nbsp;<br \/>\n<a href=\"http:\/\/www.veggie-hotels.de\/\"><img src=\"http:\/\/www.veggie-hotels.de\/index.php?rex_resize=171w__logo_veggie-hotels_de_q_1000.png\" border=\"0\"\/><\/a><\/p>\n","protected":false},"excerpt":{"rendered":"<p>LANDHAUS BAUM DES LEBENS\u00a0&#8211;\u00a0\u00a0\u00a0\u00a0\u00a0\u00a0\u00a0\u00a0\u00a0\u00a0 L&#8217;arbre de vie Soulan Le Tounut Manfred &amp; Monika Grabowski F-31230 L&#8217;isle en Dodon \/ Salerm in S\u00fcdwestfrankreich, im S\u00fcdzipfel der Gascogne, vor den Pyren\u00e4en Telefon:\u00a0\u00a000 33 5 61 88 36 48 E-Mail:\u00a0 grabowski@vollwertferien.de Internet: www.vollwertferien.de &nbsp;<\/p>\n","protected":false},"author":1,"featured_media":0,"parent":0,"menu_order":0,"comment_status":"closed","ping_status":"closed","template":"","meta":[],"_links":{"self":[{"href":"https:\/\/vollwertferien.de\/index.php?rest_route=\/wp\/v2\/pages\/36"}],"collection":[{"href":"https:\/\/vollwertferien.de\/index.php?rest_route=\/wp\/v2\/pages"}],"about":[{"href":"https:\/\/vollwertferien.de\/index.php?rest_route=\/wp\/v2\/types\/page"}],"author":[{"embeddable":true,"href":"https:\/\/vollwertferien.de\/index.php?rest_route=\/wp\/v2\/users\/1"}],"replies":[{"embeddable":true,"href":"https:\/\/vollwertferien.de\/index.php?rest_route=%2Fwp%2Fv2%2Fcomments&post=36"}],"version-history":[{"count":2,"href":"https:\/\/vollwertferien.de\/index.php?rest_route=\/wp\/v2\/pages\/36\/revisions"}],"predecessor-version":[{"id":203,"href":"https:\/\/vollwertferien.de\/index.php?rest_route=\/wp\/v2\/pages\/36\/revisions\/203"}],"wp:attachment":[{"href":"https:\/\/vollwertferien.de\/index.php?rest_route=%2Fwp%2Fv2%2Fmedia&parent=36"}],"curies":[{"name":"wp","href":"https:\/\/api.w.org\/{rel}","templated":true}]}}